{"id":406,"date":"2025-01-31T15:46:17","date_gmt":"2025-01-31T20:46:17","guid":{"rendered":"https:\/\/colefcolombia.co\/colefco\/?page_id=406"},"modified":"2026-03-03T21:49:58","modified_gmt":"2026-03-04T02:49:58","slug":"normativa","status":"publish","type":"page","link":"https:\/\/colefcolombia.co\/colefco\/nosotros\/normativa\/","title":{"rendered":"Normativa"},"content":{"rendered":"\n<p>En esta secci\u00f3n se recopilan las principales normas que regulan la actividad de los educadores f\u00edsicos y entrenadores deportivos en Colombia. Estas leyes y resoluciones establecen los requisitos, lineamientos y est\u00e1ndares de calidad que rigen el ejercicio de la profesi\u00f3n, garantizando su adecuada formaci\u00f3n, certificaci\u00f3n y desempe\u00f1o dentro del Sistema Nacional del Deporte. <\/p>\n\n\n<style>.kt-accordion-id406_9c9da5-0f .kt-accordion-inner-wrap{column-gap:var(--global-kb-gap-md, 2rem);row-gap:10px;}.kt-accordion-id406_9c9da5-0f .kt-accordion-panel-inner{border-top:0px solid transparent;border-right:0px solid transparent;border-bottom:0px solid transparent;border-left:0px solid transparent;background:#ffffff;padding-top:var(--global-kb-spacing-sm, 1.5rem);padding-right:var(--global-kb-spacing-sm, 1.5rem);padding-bottom:var(--global-kb-spacing-sm, 1.5rem);padding-left:var(--global-kb-spacing-sm, 1.5rem);}.kt-accordion-id406_9c9da5-0f > .kt-accordion-inner-wrap > .wp-block-kadence-pane > .kt-accordion-header-wrap > .kt-blocks-accordion-header{border-top:0px solid #f2f2f2;border-right:0px solid #f2f2f2;border-bottom:0px solid #f2f2f2;border-left:0px solid #f2f2f2;border-top-left-radius:6px;border-top-right-radius:6px;border-bottom-right-radius:6px;border-bottom-left-radius:6px;background:#f2f2f2;color:#555555;padding-top:14px;padding-right:16px;padding-bottom:14px;padding-left:16px;}.kt-accordion-id406_9c9da5-0f:not( .kt-accodion-icon-style-basiccircle ):not( .kt-accodion-icon-style-xclosecircle ):not( .kt-accodion-icon-style-arrowcircle )  > .kt-accordion-inner-wrap > .wp-block-kadence-pane > .kt-accordion-header-wrap .kt-blocks-accordion-icon-trigger:after, .kt-accordion-id406_9c9da5-0f:not( .kt-accodion-icon-style-basiccircle ):not( .kt-accodion-icon-style-xclosecircle ):not( .kt-accodion-icon-style-arrowcircle )  > .kt-accordion-inner-wrap > .wp-block-kadence-pane > .kt-accordion-header-wrap .kt-blocks-accordion-icon-trigger:before{background:#555555;}.kt-accordion-id406_9c9da5-0f:not( .kt-accodion-icon-style-basic ):not( .kt-accodion-icon-style-xclose ):not( .kt-accodion-icon-style-arrow ) .kt-blocks-accordion-icon-trigger{background:#555555;}.kt-accordion-id406_9c9da5-0f:not( .kt-accodion-icon-style-basic ):not( .kt-accodion-icon-style-xclose ):not( .kt-accodion-icon-style-arrow ) .kt-blocks-accordion-icon-trigger:after, .kt-accordion-id406_9c9da5-0f:not( .kt-accodion-icon-style-basic ):not( .kt-accodion-icon-style-xclose ):not( .kt-accodion-icon-style-arrow ) .kt-blocks-accordion-icon-trigger:before{background:#f2f2f2;}.kt-accordion-id406_9c9da5-0f > .kt-accordion-inner-wrap > .wp-block-kadence-pane > .kt-accordion-header-wrap > .kt-blocks-accordion-header:hover, \n\t\t\t\tbody:not(.hide-focus-outline) .kt-accordion-id406_9c9da5-0f .kt-blocks-accordion-header:focus-visible{color:#0693e3;background:#8ed1fc;border-top-color:#eeeeee;border-top-style:solid;border-right-color:#eeeeee;border-right-style:solid;border-bottom-color:#eeeeee;border-bottom-style:solid;border-left-color:#eeeeee;border-left-style:solid;}.kt-accordion-id406_9c9da5-0f:not( .kt-accodion-icon-style-basiccircle ):not( .kt-accodion-icon-style-xclosecircle ):not( .kt-accodion-icon-style-arrowcircle ) .kt-accordion-header-wrap .kt-blocks-accordion-header:hover .kt-blocks-accordion-icon-trigger:after, .kt-accordion-id406_9c9da5-0f:not( .kt-accodion-icon-style-basiccircle ):not( .kt-accodion-icon-style-xclosecircle ):not( .kt-accodion-icon-style-arrowcircle ) .kt-accordion-header-wrap .kt-blocks-accordion-header:hover .kt-blocks-accordion-icon-trigger:before, body:not(.hide-focus-outline) .kt-accordion-id406_9c9da5-0f:not( .kt-accodion-icon-style-basiccircle ):not( .kt-accodion-icon-style-xclosecircle ):not( .kt-accodion-icon-style-arrowcircle ) .kt-blocks-accordion--visible .kt-blocks-accordion-icon-trigger:after, body:not(.hide-focus-outline) .kt-accordion-id406_9c9da5-0f:not( .kt-accodion-icon-style-basiccircle ):not( .kt-accodion-icon-style-xclosecircle ):not( .kt-accodion-icon-style-arrowcircle ) .kt-blocks-accordion-header:focus-visible .kt-blocks-accordion-icon-trigger:before{background:#0693e3;}.kt-accordion-id406_9c9da5-0f:not( .kt-accodion-icon-style-basic ):not( .kt-accodion-icon-style-xclose ):not( .kt-accodion-icon-style-arrow ) .kt-accordion-header-wrap .kt-blocks-accordion-header:hover .kt-blocks-accordion-icon-trigger, body:not(.hide-focus-outline) .kt-accordion-id406_9c9da5-0f:not( .kt-accodion-icon-style-basic ):not( .kt-accodion-icon-style-xclose ):not( .kt-accodion-icon-style-arrow ) .kt-accordion-header-wrap .kt-blocks-accordion-header:focus-visible .kt-blocks-accordion-icon-trigger{background:#0693e3;}.kt-accordion-id406_9c9da5-0f:not( .kt-accodion-icon-style-basic ):not( .kt-accodion-icon-style-xclose ):not( .kt-accodion-icon-style-arrow ) .kt-accordion-header-wrap .kt-blocks-accordion-header:hover .kt-blocks-accordion-icon-trigger:after, .kt-accordion-id406_9c9da5-0f:not( .kt-accodion-icon-style-basic ):not( .kt-accodion-icon-style-xclose ):not( .kt-accodion-icon-style-arrow ) .kt-accordion-header-wrap .kt-blocks-accordion-header:hover .kt-blocks-accordion-icon-trigger:before, body:not(.hide-focus-outline) .kt-accordion-id406_9c9da5-0f:not( .kt-accodion-icon-style-basic ):not( .kt-accodion-icon-style-xclose ):not( .kt-accodion-icon-style-arrow ) .kt-accordion-header-wrap .kt-blocks-accordion-header:focus-visible .kt-blocks-accordion-icon-trigger:after, body:not(.hide-focus-outline) .kt-accordion-id406_9c9da5-0f:not( .kt-accodion-icon-style-basic ):not( .kt-accodion-icon-style-xclose ):not( .kt-accodion-icon-style-arrow ) .kt-accordion-header-wrap .kt-blocks-accordion-header:focus-visible .kt-blocks-accordion-icon-trigger:before{background:#8ed1fc;}.kt-accordion-id406_9c9da5-0f .kt-accordion-header-wrap .kt-blocks-accordion-header:focus-visible,\n\t\t\t\t.kt-accordion-id406_9c9da5-0f > .kt-accordion-inner-wrap > .wp-block-kadence-pane > .kt-accordion-header-wrap > .kt-blocks-accordion-header.kt-accordion-panel-active{color:#ffffff;background:#0693e3;border-top-color:#BE530B;border-top-style:solid;border-right-color:#BE530B;border-right-style:solid;border-bottom-color:#BE530B;border-bottom-style:solid;border-left-color:#BE530B;border-left-style:solid;}.kt-accordion-id406_9c9da5-0f:not( .kt-accodion-icon-style-basiccircle ):not( .kt-accodion-icon-style-xclosecircle ):not( .kt-accodion-icon-style-arrowcircle )  > .kt-accordion-inner-wrap > .wp-block-kadence-pane > .kt-accordion-header-wrap > .kt-blocks-accordion-header.kt-accordion-panel-active .kt-blocks-accordion-icon-trigger:after, .kt-accordion-id406_9c9da5-0f:not( .kt-accodion-icon-style-basiccircle ):not( .kt-accodion-icon-style-xclosecircle ):not( .kt-accodion-icon-style-arrowcircle )  > .kt-accordion-inner-wrap > .wp-block-kadence-pane > .kt-accordion-header-wrap > .kt-blocks-accordion-header.kt-accordion-panel-active .kt-blocks-accordion-icon-trigger:before{background:#ffffff;}.kt-accordion-id406_9c9da5-0f:not( .kt-accodion-icon-style-basic ):not( .kt-accodion-icon-style-xclose ):not( .kt-accodion-icon-style-arrow ) .kt-blocks-accordion-header.kt-accordion-panel-active .kt-blocks-accordion-icon-trigger{background:#ffffff;}.kt-accordion-id406_9c9da5-0f:not( .kt-accodion-icon-style-basic ):not( .kt-accodion-icon-style-xclose ):not( .kt-accodion-icon-style-arrow ) .kt-blocks-accordion-header.kt-accordion-panel-active .kt-blocks-accordion-icon-trigger:after, .kt-accordion-id406_9c9da5-0f:not( .kt-accodion-icon-style-basic ):not( .kt-accodion-icon-style-xclose ):not( .kt-accodion-icon-style-arrow ) .kt-blocks-accordion-header.kt-accordion-panel-active .kt-blocks-accordion-icon-trigger:before{background:#0693e3;}@media all and (max-width: 1024px){.kt-accordion-id406_9c9da5-0f .kt-accordion-panel-inner{border-top:0px solid transparent;border-right:0px solid transparent;border-bottom:0px solid transparent;border-left:0px solid transparent;}}@media all and (max-width: 1024px){.kt-accordion-id406_9c9da5-0f > .kt-accordion-inner-wrap > .wp-block-kadence-pane > .kt-accordion-header-wrap > .kt-blocks-accordion-header{border-top:0px solid #f2f2f2;border-right:0px solid #f2f2f2;border-bottom:0px solid #f2f2f2;border-left:0px solid #f2f2f2;}}@media all and (max-width: 1024px){.kt-accordion-id406_9c9da5-0f > .kt-accordion-inner-wrap > .wp-block-kadence-pane > .kt-accordion-header-wrap > .kt-blocks-accordion-header:hover, \n\t\t\t\tbody:not(.hide-focus-outline) .kt-accordion-id406_9c9da5-0f .kt-blocks-accordion-header:focus-visible{border-top-color:#eeeeee;border-top-style:solid;border-right-color:#eeeeee;border-right-style:solid;border-bottom-color:#eeeeee;border-bottom-style:solid;border-left-color:#eeeeee;border-left-style:solid;}}@media all and (max-width: 1024px){.kt-accordion-id406_9c9da5-0f .kt-accordion-header-wrap .kt-blocks-accordion-header:focus-visible,\n\t\t\t\t.kt-accordion-id406_9c9da5-0f > .kt-accordion-inner-wrap > .wp-block-kadence-pane > .kt-accordion-header-wrap > .kt-blocks-accordion-header.kt-accordion-panel-active{border-top-color:#BE530B;border-top-style:solid;border-right-color:#BE530B;border-right-style:solid;border-bottom-color:#BE530B;border-bottom-style:solid;border-left-color:#BE530B;border-left-style:solid;}}@media all and (max-width: 767px){.kt-accordion-id406_9c9da5-0f .kt-accordion-inner-wrap{display:block;}.kt-accordion-id406_9c9da5-0f .kt-accordion-inner-wrap .kt-accordion-pane:not(:first-child){margin-top:10px;}.kt-accordion-id406_9c9da5-0f .kt-accordion-panel-inner{border-top:0px solid transparent;border-right:0px solid transparent;border-bottom:0px solid transparent;border-left:0px solid transparent;}.kt-accordion-id406_9c9da5-0f > .kt-accordion-inner-wrap > .wp-block-kadence-pane > .kt-accordion-header-wrap > .kt-blocks-accordion-header{border-top:0px solid #f2f2f2;border-right:0px solid #f2f2f2;border-bottom:0px solid #f2f2f2;border-left:0px solid #f2f2f2;}.kt-accordion-id406_9c9da5-0f > .kt-accordion-inner-wrap > .wp-block-kadence-pane > .kt-accordion-header-wrap > .kt-blocks-accordion-header:hover, \n\t\t\t\tbody:not(.hide-focus-outline) .kt-accordion-id406_9c9da5-0f .kt-blocks-accordion-header:focus-visible{border-top-color:#eeeeee;border-top-style:solid;border-right-color:#eeeeee;border-right-style:solid;border-bottom-color:#eeeeee;border-bottom-style:solid;border-left-color:#eeeeee;border-left-style:solid;}.kt-accordion-id406_9c9da5-0f .kt-accordion-header-wrap .kt-blocks-accordion-header:focus-visible,\n\t\t\t\t.kt-accordion-id406_9c9da5-0f > .kt-accordion-inner-wrap > .wp-block-kadence-pane > .kt-accordion-header-wrap > .kt-blocks-accordion-header.kt-accordion-panel-active{border-top-color:#BE530B;border-top-style:solid;border-right-color:#BE530B;border-right-style:solid;border-bottom-color:#BE530B;border-bottom-style:solid;border-left-color:#BE530B;border-left-style:solid;}}<\/style>\n<div class=\"wp-block-kadence-accordion alignnone\"><div class=\"kt-accordion-wrap kt-accordion-id406_9c9da5-0f kt-accordion-has-15-panes kt-active-pane-0 kt-accordion-block kt-pane-header-alignment-left kt-accodion-icon-style-basic kt-accodion-icon-side-right\" style=\"max-width:none\"><div class=\"kt-accordion-inner-wrap\" data-allow-multiple-open=\"false\" data-start-open=\"0\">\n<div class=\"wp-block-kadence-pane kt-accordion-pane kt-accordion-pane-1 kt-pane406_3c3452-a4\"><div class=\"kt-accordion-header-wrap\"><button class=\"kt-blocks-accordion-header kt-acccordion-button-label-show\" type=\"button\"><span class=\"kt-blocks-accordion-title-wrap\"><span class=\"kt-blocks-accordion-title\">Ley 2210 de 2022 \u2013 Regulaci\u00f3n del Entrenador Deportivo<\/span><\/span><span class=\"kt-blocks-accordion-icon-trigger\"><\/span><\/button><\/div><div class=\"kt-accordion-panel kt-accordion-panel-hidden\"><div class=\"kt-accordion-panel-inner\">\n<p>La <strong>Ley 2210 del 23 de mayo de 2022<\/strong> establece el marco legal para la regulaci\u00f3n del ejercicio del entrenador(a) deportivo(a) en Colombia. Su objetivo es definir los requisitos de formaci\u00f3n, certificaci\u00f3n y \u00e9tica profesional, asegurando que los entrenadores cuenten con las competencias necesarias para el adecuado desarrollo del deporte en todos sus niveles. Esta ley es un paso fundamental en la profesionalizaci\u00f3n del sector, garantizando que el entrenamiento deportivo sea llevado a cabo por profesionales debidamente cualificados.<\/p>\n\n\n\n<p><\/p>\n\n\n\n<div data-wp-interactive=\"core\/file\" class=\"wp-block-file\"><object data-wp-bind--hidden=\"!state.hasPdfPreview\" hidden class=\"wp-block-file__embed\" data=\"https:\/\/colefcolombia.co\/colefco\/wp-content\/uploads\/2025\/01\/LEY-2210-DEL-23-DE-MAYO-DE-2022.pdf\" type=\"application\/pdf\" style=\"width:100%;height:600px\" aria-label=\"Incrustado de LEY 2210 DEL 23 DE MAYO DE 2022.\"><\/object><a id=\"wp-block-file--media-fa57bb1f-73ce-478a-a780-2d1e8e8f0d93\" href=\"https:\/\/colefcolombia.co\/colefco\/wp-content\/uploads\/2025\/01\/LEY-2210-DEL-23-DE-MAYO-DE-2022.pdf\">LEY 2210 DEL 23 DE MAYO DE 2022<\/a><a href=\"https:\/\/colefcolombia.co\/colefco\/wp-content\/uploads\/2025\/01\/LEY-2210-DEL-23-DE-MAYO-DE-2022.pdf\" class=\"wp-block-file__button wp-element-button\" download aria-describedby=\"wp-block-file--media-fa57bb1f-73ce-478a-a780-2d1e8e8f0d93\">Descarga<\/a><\/div>\n<\/div><\/div><\/div>\n\n\n\n<div class=\"wp-block-kadence-pane kt-accordion-pane kt-accordion-pane-2 kt-pane406_d9cbfa-16\"><div class=\"kt-accordion-header-wrap\"><button class=\"kt-blocks-accordion-header kt-acccordion-button-label-show\" type=\"button\"><span class=\"kt-blocks-accordion-title-wrap\"><span class=\"kt-blocks-accordion-title\">Resoluci\u00f3n 00075 de 2024 \u2013 Requisitos para Organismos Deportivos<\/span><\/span><span class=\"kt-blocks-accordion-icon-trigger\"><\/span><\/button><\/div><div class=\"kt-accordion-panel kt-accordion-panel-hidden\"><div class=\"kt-accordion-panel-inner\">\n<p>La <strong>Resoluci\u00f3n 00075 del 20 de agosto de 2024<\/strong> deroga la Resoluci\u00f3n 001651 de 2022 y establece los nuevos requisitos para la conformaci\u00f3n del \u00f3rgano de administraci\u00f3n, la comisi\u00f3n t\u00e9cnica y la comisi\u00f3n de juzgamiento de los organismos deportivos que integran el Sistema Nacional del Deporte. Esta normativa busca fortalecer la gobernanza y la estructura organizativa del deporte en Colombia, asegurando que quienes ocupen estos cargos cumplan con criterios de idoneidad, experiencia y formaci\u00f3n en el \u00e1rea deportiva.<\/p>\n\n\n\n<div data-wp-interactive=\"core\/file\" class=\"wp-block-file\"><object data-wp-bind--hidden=\"!state.hasPdfPreview\" hidden class=\"wp-block-file__embed\" data=\"https:\/\/colefcolombia.co\/colefco\/wp-content\/uploads\/2025\/01\/LEY-2210-DEL-23-DE-MAYO-DE-2022-1.pdf\" type=\"application\/pdf\" style=\"width:100%;height:600px\" aria-label=\"Incrustado de LEY 2210 DEL 23 DE MAYO DE 2022.\"><\/object><a id=\"wp-block-file--media-b5d5d6b6-6d22-49e5-94e8-f8ab6e228bd6\" href=\"https:\/\/colefcolombia.co\/colefco\/wp-content\/uploads\/2025\/01\/LEY-2210-DEL-23-DE-MAYO-DE-2022-1.pdf\">LEY 2210 DEL 23 DE MAYO DE 2022<\/a><a href=\"https:\/\/colefcolombia.co\/colefco\/wp-content\/uploads\/2025\/01\/LEY-2210-DEL-23-DE-MAYO-DE-2022-1.pdf\" class=\"wp-block-file__button wp-element-button\" download aria-describedby=\"wp-block-file--media-b5d5d6b6-6d22-49e5-94e8-f8ab6e228bd6\">Descarga<\/a><\/div>\n<\/div><\/div><\/div>\n\n\n\n<div class=\"wp-block-kadence-pane kt-accordion-pane kt-accordion-pane-12 kt-pane406_6a1e0a-e8\"><div class=\"kt-accordion-header-wrap\"><button class=\"kt-blocks-accordion-header kt-acccordion-button-label-show\" type=\"button\"><span class=\"kt-blocks-accordion-title-wrap\"><span class=\"kt-blocks-accordion-title\">Comunicado 001 de 2025 Entrenadores que deben cumplir con la ley 2210 de 2022<\/span><\/span><span class=\"kt-blocks-accordion-icon-trigger\"><\/span><\/button><\/div><div class=\"kt-accordion-panel kt-accordion-panel-hidden\"><div class=\"kt-accordion-panel-inner\">\n<p><\/p>\n\n\n\n<div data-wp-interactive=\"core\/file\" class=\"wp-block-file\"><object data-wp-bind--hidden=\"!state.hasPdfPreview\" hidden class=\"wp-block-file__embed\" data=\"https:\/\/colefcolombia.co\/colefco\/wp-content\/uploads\/2025\/05\/Comunicado-001-de-2025-COCED-COLEF.pdf\" type=\"application\/pdf\" style=\"width:100%;height:600px\" aria-label=\"Incrustado de Comunicado 001 de 2025 (COCED-COLEF).\"><\/object><a id=\"wp-block-file--media-ec870ab4-bffd-4a8f-b38e-90e9b63daa59\" href=\"https:\/\/colefcolombia.co\/colefco\/wp-content\/uploads\/2025\/05\/Comunicado-001-de-2025-COCED-COLEF.pdf\">Comunicado 001 de 2025 (COCED-COLEF)<\/a><a href=\"https:\/\/colefcolombia.co\/colefco\/wp-content\/uploads\/2025\/05\/Comunicado-001-de-2025-COCED-COLEF.pdf\" class=\"wp-block-file__button wp-element-button\" download aria-describedby=\"wp-block-file--media-ec870ab4-bffd-4a8f-b38e-90e9b63daa59\">Descarga<\/a><\/div>\n<\/div><\/div><\/div>\n\n\n\n<div class=\"wp-block-kadence-pane kt-accordion-pane kt-accordion-pane-13 kt-pane406_34c0d5-72\"><div class=\"kt-accordion-header-wrap\"><button class=\"kt-blocks-accordion-header kt-acccordion-button-label-show\" type=\"button\"><span class=\"kt-blocks-accordion-title-wrap\"><span class=\"kt-blocks-accordion-title\">CIRCULAR 001A de 2025<\/span><\/span><span class=\"kt-blocks-accordion-icon-trigger\"><\/span><\/button><\/div><div class=\"kt-accordion-panel kt-accordion-panel-hidden\"><div class=\"kt-accordion-panel-inner\">\n<p><\/p>\n\n\n\n<div data-wp-interactive=\"core\/file\" class=\"wp-block-file\"><object data-wp-bind--hidden=\"!state.hasPdfPreview\" hidden class=\"wp-block-file__embed\" data=\"https:\/\/colefcolombia.co\/colefco\/wp-content\/uploads\/2025\/05\/CIRCULAR-001A-2025-E.I.-LIMITACIONES.pdf\" type=\"application\/pdf\" style=\"width:100%;height:600px\" aria-label=\"Incrustado de CIRCULAR 001A-2025 E.I. LIMITACIONES.\"><\/object><a id=\"wp-block-file--media-53f84a05-6e21-4d68-a6c0-f39395d300f2\" href=\"https:\/\/colefcolombia.co\/colefco\/wp-content\/uploads\/2025\/05\/CIRCULAR-001A-2025-E.I.-LIMITACIONES.pdf\">CIRCULAR 001A-2025 E.I. LIMITACIONES<\/a><a href=\"https:\/\/colefcolombia.co\/colefco\/wp-content\/uploads\/2025\/05\/CIRCULAR-001A-2025-E.I.-LIMITACIONES.pdf\" class=\"wp-block-file__button wp-element-button\" download aria-describedby=\"wp-block-file--media-53f84a05-6e21-4d68-a6c0-f39395d300f2\">Descarga<\/a><\/div>\n<\/div><\/div><\/div>\n\n\n\n<div class=\"wp-block-kadence-pane kt-accordion-pane kt-accordion-pane-14 kt-pane406_354382-68\" id=\"reglamento-irregularidades\"><div class=\"kt-accordion-header-wrap\"><button class=\"kt-blocks-accordion-header kt-acccordion-button-label-show\" type=\"button\"><span class=\"kt-blocks-accordion-title-wrap\"><span class=\"kt-blocks-accordion-title\">Reglamento del procedimiento para atender irregularidades en la evaluaci\u00f3n o la suspensi\u00f3n del Certificado de Idoneidad<\/span><\/span><span class=\"kt-blocks-accordion-icon-trigger\"><\/span><\/button><\/div><div class=\"kt-accordion-panel kt-accordion-panel-hidden\"><div class=\"kt-accordion-panel-inner\">\n<p><\/p>\n\n\n\n<div data-wp-interactive=\"core\/file\" class=\"wp-block-file\"><object data-wp-bind--hidden=\"!state.hasPdfPreview\" hidden class=\"wp-block-file__embed\" data=\"https:\/\/colefcolombia.co\/colefco\/wp-content\/uploads\/2025\/06\/REGLAMENTO-INVALAIDACION-EVALUACION-Y-CERTIFICADO-DE-IDONEIDAD-1.pdf\" type=\"application\/pdf\" style=\"width:100%;height:600px\" aria-label=\"Incrustado de REGLAMENTO INVALAIDACIO\u0301N EVALUACIO\u0301N Y CERTIFICADO DE IDONEIDAD.\"><\/object><a id=\"wp-block-file--media-15bb7c2f-aeb3-43a9-90aa-369f5a582722\" href=\"https:\/\/colefcolombia.co\/colefco\/wp-content\/uploads\/2025\/06\/REGLAMENTO-INVALAIDACION-EVALUACION-Y-CERTIFICADO-DE-IDONEIDAD-1.pdf\">REGLAMENTO INVALAIDACIO\u0301N EVALUACIO\u0301N Y CERTIFICADO DE IDONEIDAD<\/a><a href=\"https:\/\/colefcolombia.co\/colefco\/wp-content\/uploads\/2025\/06\/REGLAMENTO-INVALAIDACION-EVALUACION-Y-CERTIFICADO-DE-IDONEIDAD-1.pdf\" class=\"wp-block-file__button wp-element-button\" download aria-describedby=\"wp-block-file--media-15bb7c2f-aeb3-43a9-90aa-369f5a582722\">Descarga<\/a><\/div>\n<\/div><\/div><\/div>\n\n\n\n<div class=\"wp-block-kadence-pane kt-accordion-pane kt-accordion-pane-15 kt-pane406_1ad3a3-44\"><div class=\"kt-accordion-header-wrap\"><button class=\"kt-blocks-accordion-header kt-acccordion-button-label-show\" type=\"button\"><span class=\"kt-blocks-accordion-title-wrap\"><span class=\"kt-blocks-accordion-title\">Resolucio\u0301n Interna Apertura Indagacio\u0301n 001 -2025<\/span><\/span><span class=\"kt-blocks-accordion-icon-trigger\"><\/span><\/button><\/div><div class=\"kt-accordion-panel kt-accordion-panel-hidden\"><div class=\"kt-accordion-panel-inner\">\n<p><\/p>\n\n\n\n<div data-wp-interactive=\"core\/file\" class=\"wp-block-file\"><object data-wp-bind--hidden=\"!state.hasPdfPreview\" hidden class=\"wp-block-file__embed\" data=\"https:\/\/colefcolombia.co\/colefco\/wp-content\/uploads\/2025\/06\/Resolucion-Interna-Aperura-Indagacion-001-2025-2.pdf\" type=\"application\/pdf\" style=\"width:100%;height:600px\" aria-label=\"Incrustado de Resolucio\u0301n Interna Aperura Indagacio\u0301n 001 -2025 (2).\"><\/object><a id=\"wp-block-file--media-cacd223d-7839-48e7-9d41-204f7be3912f\" href=\"https:\/\/colefcolombia.co\/colefco\/wp-content\/uploads\/2025\/06\/Resolucion-Interna-Aperura-Indagacion-001-2025-2.pdf\">Resolucio\u0301n Interna Aperura Indagacio\u0301n 001 -2025 (2)<\/a><a href=\"https:\/\/colefcolombia.co\/colefco\/wp-content\/uploads\/2025\/06\/Resolucion-Interna-Aperura-Indagacion-001-2025-2.pdf\" class=\"wp-block-file__button wp-element-button\" download aria-describedby=\"wp-block-file--media-cacd223d-7839-48e7-9d41-204f7be3912f\">Descarga<\/a><\/div>\n<\/div><\/div><\/div>\n<\/div><\/div><\/div>\n\n\n\n<p><\/p>\n","protected":false},"excerpt":{"rendered":"<p>En esta secci\u00f3n se recopilan las principales normas que regulan la actividad de los educadores f\u00edsicos y entrenadores deportivos en Colombia. Estas leyes y resoluciones establecen los requisitos, lineamientos y est\u00e1ndares de calidad que rigen el ejercicio de la profesi\u00f3n, garantizando su adecuada formaci\u00f3n, certificaci\u00f3n y desempe\u00f1o dentro del Sistema Nacional del Deporte.<\/p>\n","protected":false},"author":1,"featured_media":0,"parent":75,"menu_order":2,"comment_status":"closed","ping_status":"closed","template":"","meta":{"_coblocks_attr":"","_coblocks_dimensions":"","_coblocks_responsive_height":"","_coblocks_accordion_ie_support":"","_kadence_starter_templates_imported_post":false,"footnotes":""},"class_list":["post-406","page","type-page","status-publish","hentry"],"_links":{"self":[{"href":"https:\/\/colefcolombia.co\/colefco\/wp-json\/wp\/v2\/pages\/406","targetHints":{"allow":["GET"]}}],"collection":[{"href":"https:\/\/colefcolombia.co\/colefco\/wp-json\/wp\/v2\/pages"}],"about":[{"href":"https:\/\/colefcolombia.co\/colefco\/wp-json\/wp\/v2\/types\/page"}],"author":[{"embeddable":true,"href":"https:\/\/colefcolombia.co\/colefco\/wp-json\/wp\/v2\/users\/1"}],"replies":[{"embeddable":true,"href":"https:\/\/colefcolombia.co\/colefco\/wp-json\/wp\/v2\/comments?post=406"}],"version-history":[{"count":12,"href":"https:\/\/colefcolombia.co\/colefco\/wp-json\/wp\/v2\/pages\/406\/revisions"}],"predecessor-version":[{"id":941,"href":"https:\/\/colefcolombia.co\/colefco\/wp-json\/wp\/v2\/pages\/406\/revisions\/941"}],"up":[{"embeddable":true,"href":"https:\/\/colefcolombia.co\/colefco\/wp-json\/wp\/v2\/pages\/75"}],"wp:attachment":[{"href":"https:\/\/colefcolombia.co\/colefco\/wp-json\/wp\/v2\/media?parent=406"}],"curies":[{"name":"wp","href":"https:\/\/api.w.org\/{rel}","templated":true}]}}